r of 1008 and 347508?
252
What is the highest common factor of 28562973 and 3684?
921
What is the highest common divisor of 1272 and 1457952?
24
What is the greatest common factor of 606593 and 2639?
377
Calculate the greatest common factor of 620 and 142639060.
620
What is the greatest common divisor of 56 and 268920477?
7
What is the greatest common factor of 144191 and 494?
19
What is the highest common divisor of 38622 and 171185578?
12874
Calculate the greatest common factor of 9888 and 683232.
96
What is the highest common divisor of 2279065 and 16160?
505
Calculate the highest common factor of 4140 and 330314040.
4140
Calculate the highest common divisor of 4719941 and 295.
59
Calculate the highest common divisor of 42189 and 21771.
123
What is the highest common factor of 639073008 and 144?
144
Calculate the greatest common divisor of 555 and 143973660.
555
Calculate the highest common factor of 140793 and 194995.
661
Calculate the highest common factor of 1447432 and 143528.
56
What is the highest common divisor of 833 and 85069243?
49
Calculate the highest common divisor of 2940 and 161803488.
588
Calculate the highest common factor of 466573430 and 10.
10
Calculate the greatest common factor of 7669842 and 33549.
159
What is the greatest common factor of 226712304 and 30576?
4368
What is the highest common divisor of 13889923 and 566?
283
Calculate the highest common factor of 79920 and 544196.
148
What is the highest common divisor of 750431772 and 36?
36
What is the greatest common factor of 5554525 and 325?
25
Calculate the greatest common divisor of 90984576 and 37392.
1968
What is the greatest common divisor of 287280 and 2664144?
3024
What is the greatest common divisor of 66415 and 3363830?
1795
Calculate the highest common factor of 119995392 and 4876.
212
Calculate the highest common divisor of 1191361314 and 92.
46
Calculate the greatest common factor of 12939432 and 236808.
6072
What is the highest common divisor of 13534 and 7480818?
134
Calculate the highest common divisor of 13088 and 140768.
32
Calculate the highest common factor of 1178804 and 1835.
367
Calculate the greatest common divisor of 25 and 41474850.
25
What is the highest common divisor of 398537963 and 866?
433
Calculate the greatest common divisor of 186 and 130691784.
186
Calculate the highest common divisor of 60633 and 202763489.
6737
What is the highest common factor of 26460 and 230960?
20
What is the greatest common factor of 9387 and 4869767?
1043
Calculate the highest common divisor of 1101099 and 12.
3
What is the greatest common factor of 192566327 and 62?
31
What is the highest common divisor of 106 and 670984770?
106
Calculate the greatest common factor of 1606 and 843588.
146
Calculate the highest common divisor of 36890 and 10677870.
1190
What is the greatest common divisor of 4717 and 916848007?
4717
What is the greatest common divisor of 13899146 and 475?
19
Calculate the highest common divisor of 31895315 and 3530.
1765
What is the highest common divisor of 83346 and 1735896?
2874
Calculate the greatest common factor of 112 and 1030036.
28
What is the highest common factor of 112872 and 24768?
24
Calculate the greatest common divisor of 18765 and 42484655.
695
Calculate the highest common divisor of 2488 and 95194.
2
What is the highest common factor of 2171872 and 95408?
1072
What is the greatest common factor of 384340263 and 93?
93
What is the greatest common divisor of 1245352315 and 2305?
2305
Calculate the highest common factor of 700252097 and 349.
349
What is the highest common factor of 198947 and 203021?
679
What is the highest common divisor of 47470626 and 62244?
2394
What is the greatest common factor of 3981848 and 7384?
104
What is the greatest common factor of 506290104 and 144?
72
Calculate the highest common divisor of 7155 and 139.
1
What is the greatest common factor of 673315 and 214590?
1555
What is the highest common divisor of 105667090 and 5?
5
Calculate the highest common divisor of 42976 and 283673832.
10744
What is the greatest common divisor of 15662083 and 11713?
901
What is the highest common factor of 195 and 4253235?
15
What is the greatest common factor of 8553568 and 48?
16
Calculate the greatest common divisor of 347 and 102376798.
347
What is the greatest common factor of 19402203 and 1926?
321
What is the highest common divisor of 14147091 and 1476?
369
What is the highest common factor of 3213813 and 1551?
141
Calculate the highest common factor of 402 and 23899034.
134
Calculate the greatest common divisor of 1173 and 5818080.
1173
What is the highest common factor of 21 and 203665?
7
Calculate the greatest common divisor of 52534122 and 7450.
298
What is the greatest common divisor of 15667492 and 7087?
373
Calculate the highest common divisor of 1029420 and 160020.
1260
What is the greatest common factor of 40110 and 272160?
210
Calculate the highest common divisor of 13333702 and 6.
2
What is the greatest common factor of 512 and 704650?
2
Calculate the highest common factor of 10111605 and 52682.
371
What is the greatest common factor of 7104896 and 192?
64
What is the greatest common divisor of 884 and 185908294?
442
Calculate the greatest common divisor of 101405016 and 6108.
6108
Calculate the greatest common divisor of 730 and 354415.
365
What is the greatest common factor of 204 and 2052444?
204
What is the highest common factor of 319707475 and 1725?
575
Calculate the greatest common divisor of 882 and 3660006.
294
Calculate the greatest common divisor of 676 and 16261999.
13
What is the greatest common divisor of 5873 and 1687?
7
What is the highest common divisor of 323583 and 8229?
39
Calculate the greatest common divisor of 39329134 and 49374.
5486
Calculate the highest common factor of 26719 and 1187087.
3817
What is the greatest common factor of 664525947 and 17154?
2859
Calculate the highest common divisor of 976 and 201232.
16
Calculate the greatest common factor of 208714 and 4202.
22
What is the greatest common factor of 2152624 and 650576?
1168
Calculate the greatest common divisor of 6498912 and 15162.
798
What is the highest common factor of 261725 and 73225?
725
Calculate the highest common divisor of 5181812 and 916.
916
What is the highest common factor of 4257770 and 110?
110
Calculate the highest common factor of 47070331 and 14161.
833
What is the highest common factor of 1262376871 and 119?
119
What is the highest common factor of 19611106 and 22030?
4406
Calculate the greatest common factor of 353253 and 147.
3
Calculate the highest common divisor of 614794 and 194.
2
What is the greatest common factor of 4038263 and 22824?
317
Calculate the highest common factor of 209974286 and 4418.
4418
What is the highest common factor of 170 and 12209825?
85
Calculate the highest common factor of 7 and 17255399.
7
Calculate the greatest common divisor of 531 and 121863969.
531
What is the highest common divisor of 96840 and 199170?
90
What is the highest common divisor of 1734831 and 58499?
959
Calculate the highest common factor of 106 and 357862201.
53
Calculate the greatest common divisor of 3351211 and 106061.
1583
What is the greatest common divisor of 1496 and 6355382?
374
Calculate the greatest common factor of 24417 and 856665.
9
What is the greatest common divisor of 7515452 and 62272?
3892
What is the greatest common divisor of 76988 and 8873?
19
Calculate the highest common factor of 9230 and 26637.
13
What is the greatest common divisor of 2224 and 239636?
556
Calculate the greatest common factor of 2328 and 895989.
291
What is the highest common divisor of 1808244 and 13284?
324
What is the highest common divisor of 268 and 65771756?
268
What is the highest common divisor of 828 and 314064?
36
Calculate the highest common divisor of 1334 and 1380661.
29
What is the highest common factor of 23278178 and 602?
14
Calculate the highest common factor of 55471103 and 37.
37
What is the highest common factor of 60852 and 121?
11
What is the highest common factor of 2944 and 2650016?
32
Calculate the greatest common factor of 605 and 2513785285.
605
What is the highest common divisor of 66 and 415039812?
66
What is the highest common factor of 550154 and 21373?
11
What